{"id":120,"date":"2023-05-11T20:52:46","date_gmt":"2023-05-11T20:52:46","guid":{"rendered":"https:\/\/i-societyforum.ulpgc.es\/?page_id=120"},"modified":"2024-05-17T16:51:35","modified_gmt":"2024-05-17T15:51:35","slug":"mesa-de-deporte-inclusivo","status":"publish","type":"page","link":"https:\/\/i-societyforum.ulpgc.es\/?page_id=120","title":{"rendered":"Mesa de Deporte Inclusivo"},"content":{"rendered":"\n<div class=\"wp-block-columns is-layout-flex wp-container-core-columns-is-layout-1 wp-block-columns-is-layout-flex\">\n<div class=\"wp-block-column is-layout-flow wp-block-column-is-layout-flow\" style=\"flex-basis:33.33%\"><div class=\"wp-block-image\">\n<figure class=\"aligncenter size-full\"><img loading=\"lazy\" decoding=\"async\" width=\"285\" height=\"411\" src=\"https:\/\/i-societyforum.ulpgc.es\/wp-content\/uploads\/2024\/05\/mmm.jpg\" alt=\"\" class=\"wp-image-239\" srcset=\"https:\/\/i-societyforum.ulpgc.es\/wp-content\/uploads\/2024\/05\/mmm.jpg 285w, https:\/\/i-societyforum.ulpgc.es\/wp-content\/uploads\/2024\/05\/mmm-208x300.jpg 208w\" sizes=\"(max-width: 285px) 100vw, 285px\" \/><figcaption class=\"wp-element-caption\">D\u00f1a. Mar\u00eda Masdemont Morente<\/figcaption><\/figure><\/div><\/div>\n\n\n\n<div class=\"wp-block-column is-layout-flow wp-block-column-is-layout-flow\" style=\"flex-basis:66.66%\">\n<p><em>Deporte y discapacidad; Derecho a la pr\u00e1ctica deportiva de la poblaci\u00f3n con discapacidad<\/em>.<\/p>\n\n\n\n<p>Mariona es coofundadora de Play and Train, es responsable de Relevo Paral\u00edmpico Islas Canarias del Comit\u00e9 Paral\u00edmpico Espa\u00f1ol, asesora en deporte y de discapacidad del \u00e1rea de Responsabilidad social deportiva de la Direcci\u00f3n General de Deportes del Gobierno de Canarias. Fue vicepresidenta de la FCEH para impulsar el deporte<br>paral\u00edmpico, trabaj\u00f3 en el Comit\u00e9 Paral\u00edmpico Internacional en ciclo paral\u00edmpico de Sochi y colabor\u00f3 en el Programa de Deporte para la Paz de Naciones Unidas.&nbsp;<\/p>\n\n\n\n<p>En su intervenci\u00f3n compartir\u00e1 el marco Internacional, Europeo, Nacional y Autom\u00e1tico sobre el derecho a la participaci\u00f3n a las actividades de la poblaci\u00f3n con discapacidad. Adem\u00e1s, plantea el espectro de la inclusi\u00f3n en la actividad f\u00edsica ejemplos y buenas<br>pr\u00e1cticas.<\/p>\n<\/div>\n<\/div>\n\n\n\n<div class=\"wp-block-columns is-layout-flex wp-container-core-columns-is-layout-2 wp-block-columns-is-layout-flex\">\n<div class=\"wp-block-column is-layout-flow wp-block-column-is-layout-flow\" style=\"flex-basis:33.33%\"><div class=\"wp-block-image\">\n<figure class=\"aligncenter size-full\"><img loading=\"lazy\" decoding=\"async\" width=\"190\" height=\"209\" src=\"https:\/\/i-societyforum.ulpgc.es\/wp-content\/uploads\/2024\/05\/jch.png\" alt=\"\" class=\"wp-image-243\"\/><figcaption class=\"wp-element-caption\">D. Javier Choren Martinez<\/figcaption><\/figure><\/div><\/div>\n\n\n\n<div class=\"wp-block-column is-layout-flow wp-block-column-is-layout-flow\" style=\"flex-basis:66.66%\">\n<p><em><em>Transformaci\u00f3n social desde la inclusi\u00f3n e integraci\u00f3n en el deporte<\/em><\/em>.<\/p>\n\n\n\n<p>Es director e ide\u00f3logo del Proyecto SUMA del VB Gran Canaria. Es t\u00e9cnico superior en baloncesto y director deportivo. Adem\u00e1s, es especialista en baloncesto en diferentes capacidades.<\/p>\n\n\n\n<p>La ponencia \u00abTransformaci\u00f3n social desde la inclusi\u00f3n e integraci\u00f3n en el deporte\u00bb explorar\u00e1 el poder transformador del deporte, espec\u00edficamente el baloncesto, en la inclusi\u00f3n y la integraci\u00f3n de personas con discapacidad. Javi compartir\u00e1 su experiencia trabajando con este grupo a trav\u00e9s del baloncesto, destacando c\u00f3mo esta actividad<br>deportiva va m\u00e1s all\u00e1 de simplemente jugar y competir. Se discutir\u00e1 c\u00f3mo el deporte puede romper barreras, fomentar la inclusi\u00f3n social, promover la igualdad de oportunidades y empoderar a las personas con discapacidad para que alcancen su m\u00e1ximo potencial.<\/p>\n<\/div>\n<\/div>\n","protected":false},"excerpt":{"rendered":"<p>Deporte y discapacidad; Derecho a la pr\u00e1ctica deportiva de la poblaci\u00f3n con discapacidad. Mariona es coofundadora de Play and Train, es responsable de Relevo Paral\u00edmpico Islas Canarias del Comit\u00e9 Paral\u00edmpico&#8230;<\/p>\n<div class=\"more-link-wrapper\"><a class=\"more-link\" href=\"https:\/\/i-societyforum.ulpgc.es\/?page_id=120\">Leer m\u00e1s<span class=\"screen-reader-text\">Mesa de Deporte Inclusivo<\/span><\/a><\/div>\n","protected":false},"author":1,"featured_media":0,"parent":0,"menu_order":0,"comment_status":"closed","ping_status":"closed","template":"","meta":{"footnotes":""},"_links":{"self":[{"href":"https:\/\/i-societyforum.ulpgc.es\/index.php?rest_route=\/wp\/v2\/pages\/120"}],"collection":[{"href":"https:\/\/i-societyforum.ulpgc.es\/index.php?rest_route=\/wp\/v2\/pages"}],"about":[{"href":"https:\/\/i-societyforum.ulpgc.es\/index.php?rest_route=\/wp\/v2\/types\/page"}],"author":[{"embeddable":true,"href":"https:\/\/i-societyforum.ulpgc.es\/index.php?rest_route=\/wp\/v2\/users\/1"}],"replies":[{"embeddable":true,"href":"https:\/\/i-societyforum.ulpgc.es\/index.php?rest_route=%2Fwp%2Fv2%2Fcomments&post=120"}],"version-history":[{"count":10,"href":"https:\/\/i-societyforum.ulpgc.es\/index.php?rest_route=\/wp\/v2\/pages\/120\/revisions"}],"predecessor-version":[{"id":262,"href":"https:\/\/i-societyforum.ulpgc.es\/index.php?rest_route=\/wp\/v2\/pages\/120\/revisions\/262"}],"wp:attachment":[{"href":"https:\/\/i-societyforum.ulpgc.es\/index.php?rest_route=%2Fwp%2Fv2%2Fmedia&parent=120"}],"curies":[{"name":"wp","href":"https:\/\/api.w.org\/{rel}","templated":true}]}}