{"id":44,"date":"2023-05-08T10:36:23","date_gmt":"2023-05-08T10:36:23","guid":{"rendered":"https:\/\/i-societyforum.ulpgc.es\/?page_id=44"},"modified":"2024-05-24T07:57:03","modified_gmt":"2024-05-24T06:57:03","slug":"ponencias","status":"publish","type":"page","link":"https:\/\/i-societyforum.ulpgc.es\/?page_id=44","title":{"rendered":"Conferencias"},"content":{"rendered":"\n<p class=\"has-large-font-size\"><strong>II Jornadas Nacionales \u00abUna Sociedad Inclusiva\u00bb: Educaci\u00f3n, Cultura, Deporte y Derechos<br>4-5 de junio de 2024 Centro Insular de la Juventud de Puerto del Rosario&nbsp;(Fuerteventura)<\/strong><\/p>\n\n\n\n<p><a href=\"https:\/\/i-societyforum.ulpgc.es\/?page_id=97\"><strong>Martes 4 de junio, 10:00h CONFERENCIA CULTURA INCLUSIVA<\/strong><br>Dr. Mikel Asensio. (Profesor de la Universidad Aut\u00f3noma de Madrid).<\/a><\/p>\n\n\n\n<p><a href=\"https:\/\/i-societyforum.ulpgc.es\/?page_id=93\"><strong><strong>Martes 4 de junio, 16:00h CONFERENCIA EDUCACI\u00d3N INCLUSIVA<\/strong><\/strong><br>Dra. Mar\u00eda Sotillo M\u00e9ndez. (Profesora de la&nbsp;Universidad Aut\u00f3noma de Madrid).<\/a><\/p>\n\n\n\n<p><a href=\"https:\/\/i-societyforum.ulpgc.es\/?page_id=102\"><strong>Mi\u00e9rcoles 5 de junio, 9:30h CONFERENCIA DEPORTE INCLUSIVO<\/strong><br>D. Lionel Valent\u00edn Morales Gonz\u00e1lez. (Deportista Paratriatl\u00f3n categor\u00eda PTS-2. Lanzarote).<\/a><\/p>\n\n\n\n<p><a href=\"https:\/\/i-societyforum.ulpgc.es\/?page_id=169\"><strong>Mi\u00e9rcoles 5 de junio, 16:00h CONFERENCIA DERECHOS INCLUSIVOS<\/strong><br>Dra. Tatiana Urien Ortiz. (Asociaci\u00f3n GAUDE. Euskadi).<\/a><\/p>\n","protected":false},"excerpt":{"rendered":"<p>II Jornadas Nacionales \u00abUna Sociedad Inclusiva\u00bb: Educaci\u00f3n, Cultura, Deporte y Derechos4-5 de junio de 2024 Centro Insular de la Juventud de Puerto del Rosario&nbsp;(Fuerteventura) Martes 4 de junio, 10:00h CONFERENCIA&#8230;<\/p>\n<div class=\"more-link-wrapper\"><a class=\"more-link\" href=\"https:\/\/i-societyforum.ulpgc.es\/?page_id=44\">Leer m\u00e1s<span class=\"screen-reader-text\">Conferencias<\/span><\/a><\/div>\n","protected":false},"author":1,"featured_media":0,"parent":0,"menu_order":0,"comment_status":"closed","ping_status":"closed","template":"","meta":{"footnotes":""},"_links":{"self":[{"href":"https:\/\/i-societyforum.ulpgc.es\/index.php?rest_route=\/wp\/v2\/pages\/44"}],"collection":[{"href":"https:\/\/i-societyforum.ulpgc.es\/index.php?rest_route=\/wp\/v2\/pages"}],"about":[{"href":"https:\/\/i-societyforum.ulpgc.es\/index.php?rest_route=\/wp\/v2\/types\/page"}],"author":[{"embeddable":true,"href":"https:\/\/i-societyforum.ulpgc.es\/index.php?rest_route=\/wp\/v2\/users\/1"}],"replies":[{"embeddable":true,"href":"https:\/\/i-societyforum.ulpgc.es\/index.php?rest_route=%2Fwp%2Fv2%2Fcomments&post=44"}],"version-history":[{"count":12,"href":"https:\/\/i-societyforum.ulpgc.es\/index.php?rest_route=\/wp\/v2\/pages\/44\/revisions"}],"predecessor-version":[{"id":300,"href":"https:\/\/i-societyforum.ulpgc.es\/index.php?rest_route=\/wp\/v2\/pages\/44\/revisions\/300"}],"wp:attachment":[{"href":"https:\/\/i-societyforum.ulpgc.es\/index.php?rest_route=%2Fwp%2Fv2%2Fmedia&parent=44"}],"curies":[{"name":"wp","href":"https:\/\/api.w.org\/{rel}","templated":true}]}}